emainder when p is divided by 40.
25
Suppose -5*n = -4*u + 2*u - 192, -2*u = -4*n + 152. Let g = -17 + 25. Let o = n - g. What is the remainder when 91 is divided by o?
27
Suppose 2*m + 2*l - 491 + 129 = 0, 3*m + l - 553 = 0. Calculate the remainder when m is divided by 20.
6
Let t(h) = -2*h**2 + 33*h - 1. Let u be t(17). Calculate the remainder when (-2)/u + (11055/135 - -6) is divided by 24.
16
Let k be -16*(-1)/2 - -551. Suppose 5*b - 249 = 2*b. Suppose -b = 4*c - k. Calculate the remainder when c is divided by 11.
9
Suppose -12*x + 145 = -7*x. What is the remainder when x is divided by 2 + 2 - -1 - (-48)/12?
2
Let w = 2961 - 2279. What is the remainder when w is divided by 73?
25
Let f(u) = 359*u + 2047. Calculate the remainder when 11333 is divided by f(-5).
245
Suppose -328 = -18*i - 372 + 260. Calculate the remainder when 34330 is divided by i.
10
Let l = -5 - -8. Let f = -467 - -1338. Calculate the remainder when 85/9 + f/(-117) + 7 is divided by l.
0
Let h = -9390 - -9495. Calculate the remainder when 139 is divided by h.
34
Let o(s) = -2*s**2 - 50*s + 9. Let k be o(-25). Suppose 5*q + 2*j = 196, -4*j = -k*q + 5*q + 168. What is the remainder when 73 is divided by q?
33
Suppose -209*f + 4015 = -4345. What is the remainder when 594 is divided by f?
34
Suppose 20*m - 18*m = 8. Suppose 3*j = -5*h, -m*h - 21 + 4 = -j. Suppose 0 = -2*b + 97 - j. Calculate the remainder when b is divided by 16.
14
Let p(a) = -87*a**2 - 9*a + 2 + 2 + 67*a**2. Let h be p(2). What is the remainder when 41 is divided by h/(-4) + (-2)/(-8)*-2?
18
Let l = 961 + -937. What is the remainder when 7318 is divided by l?
22
Suppose -2*k - 2*j + 260 = 0, -25 = -8*j + 3*j. What is the remainder when k + 7 + -3 + -1 is divided by 22?
18
Let r = 22652 - 22643. Calculate the remainder when 1992 is divided by r.
3
Let y = -91 + 187. What is the remainder when 2780 is divided by y?
92
Let y = 3159 + -2860. What is the remainder when y is divided by 14?
5
Let w be 122*-1*(-1)/(-6)*3. Let y = w + 69. Suppose y*j = 3*j + 165. Calculate the remainder when 97 is divided by j.
31
Let f = 2627 - 657. Calculate the remainder when f is divided by 25.
20
Let x = 161169 + -161105. Suppose 0 = -2*j + 7*j - 165. Calculate the remainder when x is divided by j.
31
Let u(x) be the first derivative of -3*x**2/2 - 21*x - 12. Calculate the remainder when 38 is divided by u(-9).
2
Suppose -3*c + 2996*b - 2994*b + 20673 = 0, 0 = 5*c + 2*b - 34439. What is the remainder when c is divided by 53?
52
Suppose 30*k - 49*k = 0. Suppose -2*i - 46 = 5*l - 10*l, 4*l + 4*i - 48 = k. What is the remainder when 125 is divided by l?
5
Let c = -11907 + 11940. What is the remainder when 1578/9 - ((-2)/(-6) + 0) is divided by c?
10
Suppose 3396 = 7*z - 2365. Suppose z = 19*j + 6. Calculate the remainder when j is divided by -1 - -27 - (1 + 1).
19
Let q(b) = 159*b**3 + 3*b**2 - 84*b + 154. Calculate the remainder when q(2) is divided by 253.
5
Suppose 7*h + 29493 = 31880. What is the remainder when h is divided by 1 + (-87)/(-1) + -2?
83
Suppose -2*c - 4*y - 15 - 15 = 0, 3*c - 3*y = -45. Suppose 3*k - 44 = 106. Let f = k + c. Calculate the remainder when 69 is divided by f.
34
Suppose 452 = -81*j + 93*j - 40. Let g = -55 + 81. Calculate the remainder when j is divided by g.
15
Suppose 134*i - 18585 - 1515 = 0. Calculate the remainder when 1644 is divided by i.
144
Let y be (3*-1)/(7 + -8). Suppose -y = -k + 1, -5*m - k = -39. Suppose -2*x - 1 + m = 0, 31 = 5*p + 2*x. Calculate the remainder when p is divided by 1.
0
Suppose 22 = 5*p - 13. Let c(x) = 5*x**3 + 2*x**2 + 9*x - 29. Calculate the remainder when c(3) is divided by p.
4
Suppose -3*b - 2*s + 9 = 0, 3*s + 4 = b - 10. Let p = b + 105. What is the remainder when p is divided by 28?
26
Suppose 0 = 37*n - 6742 - 1546. Suppose 0 = 9*g - 146 + 11. What is the remainder when n is divided by g?
14
Suppose t = 0, t = -k + 6*t + 5. Let b(f) = -f**3 + 10*f**2 - 12*f - 24. Calculate the remainder when 2/(-4) - 489/(-6) is divided by b(k).
40
Suppose 9 = 4*n + f, f - 5 + 0 = -2*n. Suppose 3*i - 19 = -w, n*w - 19 = i + 26. What is the remainder when 83 is divided by w?
17
Suppose 0 = -20*c - 175 - 25. What is the remainder when 9/2*(-7 + (c - -23)) is divided by 6?
3
Let l = -49 - 359. Let n = 530 + l. Calculate the remainder when n is divided by 16.
10
Suppose -202 = -5*f - 2*p + 159, -201 = -3*f + 4*p. What is the remainder when f is divided by 60?
11
Suppose 4*d = d + 5*w + 731, 5*d = 3*w + 1245. Let f = -236 + d. What is the remainder when f is divided by 12?
4
Suppose 1632 = 4*t - 3*f, 3*t + 2*f = 179 + 1062. Let q = -338 + t. What is the remainder when 435 is divided by q?
70
Let q be 126 + 3 - (10 + -4). Suppose -35*t + 1873 = q. Calculate the remainder when t is divided by 9.
5
Let i(w) = 64*w - 1. Let c be ((-363)/(-165))/(12/10 + -1). Suppose 3*b + c = 14. What is the remainder when i(b) is divided by 13?
11
Suppose 0 = -21*f + 127 + 146. What is the remainder when f is divided by 0 - -2 - (-15 + 5)?
1
Suppose -5*b - 3*x + 69 = 0, 3*b - 2*x - 83 + 72 = 0. Calculate the remainder when 858 is divided by b.
3
Let u = -8061 - -8134. Calculate the remainder when 291 is divided by u.
72
Let q = -1915 + 1984. Calculate the remainder when 431 is divided by q.
17
Suppose -4*z + 3595 = 24*j - 25*j, 2*z = j + 1795. Calculate the remainder when z is divided by 166.
70
Let g = 56 + -33. Let k = 49 - g. Calculate the remainder when k is divided by ((4 - 292/48) + 4/(-24))*-4.
8
Suppose -21*k + 168 = -18*k. Calculate the remainder when 1063 is divided by k.
55
Calculate the remainder when (-2 - 0)*(-78)/4 is divided by (44/(-7))/((-16)/56).
17
What is the remainder when (17 + -18)/(212/(-104) + 2) is divided by (-2 + 3)/1 + 3?
2
Let i = -381 - -391. Suppose 224 = i*r - 106. Calculate the remainder when r is divided by 4/2*(-9)/(-2).
6
Let d(y) = 64*y**2 + 24*y - 93. Calculate the remainder when d(7) is divided by 21.
19
Let s be (-4)/(-6) + 2/12*50. Let c(i) = s + 13 - 9 + 2*i. Calculate the remainder when 9 is divided by c(-4).
4
Suppose s = 2*u + 276, -u - 2*s = -0*s + 133. Let q = u + 149. Calculate the remainder when q is divided by 4.
0
Let h = 113 + 447. Calculate the remainder when h is divided by 62.
2
Let q(y) = -y**3 - 23*y**2 + 22*y + 81. Suppose -169 = 19*h + 287. Calculate the remainder when q(h) is divided by 19.
15
Let z be (-1)/((-114)/39 + 3). Suppose 5*c - 2*j - 285 = 0, -74 = -4*c - 2*j + 154. What is the remainder when c is divided by (z + 3)/((-1)/2)?
17
Let s(x) be the first derivative of 20 + 4*x + 109/3*x**3 + 3/2*x**2. Calculate the remainder when s(-1) is divided by 28.
26
What is the remainder when 327 is divided by (-266)/171 - 5145/(-27)?
138
Suppose -800 = -96*j + 76*j. What is the remainder when 514 is divided by j?
34
Let v = 3476 - 3367. What is the remainder when v is divided by 39?
31
What is the remainder when (-473 - -584)/((-3)/(-860)*2) is divided by 12?
10
What is the remainder when 3363 is divided by (408/32)/(-4*(-6)/96)?
48
Let x(u) = -u**2 - 19*u - 6. Let f = -30 - -14. Let v be x(f). Suppose 4*n + 0*d + 2*d - v = 0, -2*n - 2*d = -24. What is the remainder when 29 is divided by n?
2
Suppose 4293 = 196*k - 7663. Calculate the remainder when 1068 is divided by k.
31
Let b be ((-4)/(-1))/((-2)/(-3)). Let r(v) = -b*v**2 - v - 17 - 2*v - v + v**3 + 0*v**3. Calculate the remainder when 7 is divided by r(7).
3
Let a(c) = c**3 - 5*c**2 + 4*c - 7. Let h(j) = j**3 + j**2 + 3*j - 13. Let y be h(2). What is the remainder when 83 is divided by a(y)?
5
Suppose 3*h = -6*q + 2*q + 15, 3*h - 5*q + 12 = 0. Calculate the remainder when 166 is divided by (1760/(-200))/(h - (-11)/(-10)).
78
Let b(x) = -30*x**2 - x**3 - 23*x**2 + 30*x + 62*x**2 + 22 - 5*x + 2. What is the remainder when b(11) is divided by 10?
7
Suppose 4*v = -3*z + 22, z - 3 = 2*v + 1. Suppose 2*s + 3*q + 0*q - 63 = 0, -44 = -s - 4*q. Calculate the remainder when 41 + (z/2 - 0) is divided by s.
20
Let i(w) = 2*w + 30. Let y be i(-15). Suppose -3*b = b - 3*q - 186, 4*q + 8 = y. Let l(p) = -11*p - 75. What is the remainder when b is divided by l(-9)?
21
Let i = 44 + 18. Let d(c) = 78*c**2 - 2*c + 1. Let a be d(1). Suppose -z - 4*h = -a, -h = -0*z + z - i. What is the remainder when z